Last updated on 2025-07-24 02:52:06 CEST.
Flavor | Version | Tinstall | Tcheck | Ttotal | Status | Flags |
---|---|---|---|---|---|---|
r-devel-linux-x86_64-debian-clang | 0.6-1 | 51.69 | 92.92 | 144.61 | NOTE | |
r-devel-linux-x86_64-debian-gcc | 0.6-1 | 41.11 | 72.57 | 113.68 | NOTE | |
r-devel-linux-x86_64-fedora-clang | 0.6-1 | 273.79 | OK | |||
r-devel-linux-x86_64-fedora-gcc | 0.6-1 | 277.17 | OK | |||
r-devel-windows-x86_64 | 0.6-1 | 63.00 | 145.00 | 208.00 | OK | |
r-patched-linux-x86_64 | 0.6-1 | 59.26 | 92.93 | 152.19 | OK | |
r-release-linux-x86_64 | 0.6-1 | 55.69 | 93.31 | 149.00 | OK | |
r-release-macos-arm64 | 0.6-1 | 87.00 | OK | |||
r-release-macos-x86_64 | 0.6-1 | 144.00 | OK | |||
r-release-windows-x86_64 | 0.6-1 | 64.00 | 154.00 | 218.00 | OK | |
r-oldrel-macos-arm64 | 0.6-1 | 78.00 | NOTE | |||
r-oldrel-macos-x86_64 | 0.6-1 | 130.00 | NOTE | |||
r-oldrel-windows-x86_64 | 0.6-1 | 77.00 | 181.00 | 258.00 | OK |
Version: 0.6-1
Check: CRAN incoming feasibility
Result: NOTE
Maintainer: ‘Matt Moores <mmoores@gmail.com>’
Package CITATION file contains call(s) to old-style personList() or
as.personList(). Please use c() on person objects instead.
Package CITATION file contains call(s) to old-style citEntry(). Please
use bibentry() instead.
Flavors: r-devel-linux-x86_64-debian-clang, r-devel-linux-x86_64-debian-gcc
Version: 0.6-1
Check: installed package size
Result: NOTE
installed size is 8.0Mb
sub-directories of 1Mb or more:
data 2.7Mb
libs 4.5Mb
Flavors: r-oldrel-macos-arm64, r-oldrel-macos-x86_64