CRAN Package Check Results for Package cardidates

Last updated on 2025-10-02 01:49:52 CEST.

Flavor Version Tinstall Tcheck Ttotal Status Flags
r-devel-linux-x86_64-debian-clang 0.4.9 2.49 42.99 45.48 NOTE
r-devel-linux-x86_64-debian-gcc 0.4.9 2.27 32.62 34.89 NOTE
r-devel-linux-x86_64-fedora-clang 0.4.9 68.13 NOTE
r-devel-linux-x86_64-fedora-gcc 0.4.9 80.84 NOTE
r-devel-windows-x86_64 0.4.9 5.00 89.00 94.00 NOTE
r-patched-linux-x86_64 0.4.9 3.25 40.90 44.15 NOTE
r-release-linux-x86_64 0.4.9 2.23 41.12 43.35 NOTE
r-release-macos-arm64 0.4.9 43.00 NOTE
r-release-macos-x86_64 0.4.9 61.00 NOTE
r-release-windows-x86_64 0.4.9 5.00 90.00 95.00 NOTE
r-oldrel-macos-arm64 0.4.9 31.00 NOTE
r-oldrel-macos-x86_64 0.4.9 47.00 NOTE
r-oldrel-windows-x86_64 0.4.9 4.00 98.00 102.00 NOTE

Check Details

Version: 0.4.9
Check: Rd files
Result: NOTE checkRd: (-1) fitweibull.Rd:51: Lost braces in \itemize; \value handles \item{}{} directly checkRd: (-1) fitweibull.Rd:52: Lost braces in \itemize; \value handles \item{}{} directly checkRd: (-1) fitweibull.Rd:53: Lost braces in \itemize; \value handles \item{}{} directly Flavors: r-devel-linux-x86_64-debian-clang, r-devel-linux-x86_64-debian-gcc, r-devel-linux-x86_64-fedora-clang, r-devel-linux-x86_64-fedora-gcc, r-devel-windows-x86_64, r-patched-linux-x86_64, r-release-linux-x86_64, r-release-macos-arm64, r-release-macos-x86_64, r-release-windows-x86_64, r-oldrel-macos-arm64, r-oldrel-macos-x86_64, r-oldrel-windows-x86_64