CRAN Package Check Results for Package cropgrowdays

Last updated on 2025-10-02 01:49:53 CEST.

Flavor Version Tinstall Tcheck Ttotal Status Flags
r-devel-linux-x86_64-debian-clang 0.2.1 5.37 73.22 78.59 NOTE
r-devel-linux-x86_64-debian-gcc 0.2.1 4.23 55.96 60.19 NOTE
r-devel-linux-x86_64-fedora-clang 0.2.1 115.54 OK
r-devel-linux-x86_64-fedora-gcc 0.2.1 131.18 OK
r-devel-windows-x86_64 0.2.1 8.00 80.00 88.00 NOTE
r-patched-linux-x86_64 0.2.1 5.20 69.80 75.00 NOTE
r-release-linux-x86_64 0.2.1 5.04 69.57 74.61 NOTE
r-release-macos-arm64 0.2.1 42.00 OK
r-release-macos-x86_64 0.2.1 73.00 OK
r-release-windows-x86_64 0.2.1 7.00 79.00 86.00 NOTE
r-oldrel-macos-arm64 0.2.1 38.00 OK
r-oldrel-macos-x86_64 0.2.1 59.00 OK
r-oldrel-windows-x86_64 0.2.1 9.00 91.00 100.00 OK

Check Details

Version: 0.2.1
Check: Rd cross-references
Result: NOTE Found the following Rd file(s) with Rd \link{} targets missing package anchors: get_multi_silodata.Rd: tibble Please provide package anchors for all Rd \link{} targets not in the package itself and the base packages. Flavors: r-devel-linux-x86_64-debian-clang, r-devel-linux-x86_64-debian-gcc, r-devel-windows-x86_64, r-patched-linux-x86_64, r-release-linux-x86_64, r-release-windows-x86_64