CRAN Package Check Results for Package devianLM

Last updated on 2025-10-05 01:48:27 CEST.

Flavor Version Tinstall Tcheck Ttotal Status Flags
r-devel-linux-x86_64-debian-clang 1.0.3 22.47 30.06 52.53 OK
r-devel-linux-x86_64-debian-gcc 1.0.3 14.68 25.62 40.30 OK
r-devel-linux-x86_64-fedora-clang 1.0.3 93.60 OK
r-devel-linux-x86_64-fedora-gcc 1.0.3 87.23 OK
r-devel-windows-x86_64 1.0.3 28.00 82.00 110.00 OK
r-patched-linux-x86_64 1.0.3 20.97 28.12 49.09 OK
r-release-linux-x86_64 1.0.3 22.95 28.84 51.79 OK
r-release-macos-arm64 1.0.3 33.00 OK
r-release-macos-x86_64 1.0.3 33.00 ERROR
r-release-windows-x86_64 1.0.3 27.00 64.00 91.00 OK
r-oldrel-macos-arm64 1.0.3 35.00 OK
r-oldrel-macos-x86_64 1.0.3 38.00 ERROR
r-oldrel-windows-x86_64 1.0.3 33.00 76.00 109.00 OK

Additional issues

M1mac M1mac

Check Details

Version: 1.0.3
Check: whether package can be installed
Result: ERROR Installation failed. Flavors: r-release-macos-x86_64, r-oldrel-macos-x86_64