Last updated on 2024-06-27 01:55:14 CEST.
Flavor | Version | Tinstall | Tcheck | Ttotal | Status | Flags |
---|---|---|---|---|---|---|
r-devel-linux-x86_64-debian-clang | 2.8.2 | OK | ||||
r-devel-linux-x86_64-debian-gcc | 2.8.2 | 18.18 | 48.06 | 66.24 | OK | |
r-devel-linux-x86_64-fedora-clang | 2.8.2 | 109.50 | NOTE | |||
r-devel-linux-x86_64-fedora-gcc | 2.8.2 | 114.87 | OK | |||
r-devel-windows-x86_64 | 2.8.2 | 17.00 | 74.00 | 91.00 | OK | |
r-patched-linux-x86_64 | 2.8.2 | 24.28 | 63.46 | 87.74 | OK | |
r-release-linux-x86_64 | 2.8.2 | 17.70 | 62.69 | 80.39 | OK | |
r-release-macos-arm64 | 2.8.2 | 31.00 | OK | |||
r-release-macos-x86_64 | 2.8.2 | 47.00 | OK | |||
r-release-windows-x86_64 | 2.8.2 | 17.00 | 68.00 | 85.00 | OK | |
r-oldrel-macos-arm64 | 2.8.2 | 40.00 | OK | |||
r-oldrel-macos-x86_64 | 2.8.2 | 86.00 | OK | |||
r-oldrel-windows-x86_64 | 2.8.2 | 20.00 | 77.00 | 97.00 | OK |
Version: 2.8.2
Check: Rd cross-references
Result: NOTE
Undeclared package ‘distrTEst’ in Rd xrefs
Flavor: r-devel-linux-x86_64-fedora-clang