Last updated on 2025-10-05 01:48:28 CEST.
Flavor | Version | Tinstall | Tcheck | Ttotal | Status | Flags |
---|---|---|---|---|---|---|
r-devel-linux-x86_64-debian-clang | 0.1.2 | 29.23 | 61.73 | 90.96 | OK | |
r-devel-linux-x86_64-debian-gcc | 0.1.2 | 19.24 | 45.14 | 64.38 | OK | |
r-devel-linux-x86_64-fedora-clang | 0.1.2 | 169.57 | OK | |||
r-devel-linux-x86_64-fedora-gcc | 0.1.2 | 144.12 | OK | |||
r-devel-windows-x86_64 | 0.1.2 | 37.00 | 94.00 | 131.00 | OK | |
r-patched-linux-x86_64 | 0.1.2 | 30.10 | 56.02 | 86.12 | OK | |
r-release-linux-x86_64 | 0.1.2 | 27.33 | 55.51 | 82.84 | OK | |
r-release-macos-arm64 | 0.1.2 | 46.00 | OK | |||
r-release-macos-x86_64 | 0.1.2 | 129.00 | OK | |||
r-release-windows-x86_64 | 0.1.2 | 37.00 | 95.00 | 132.00 | OK | |
r-oldrel-macos-arm64 | 0.1.1 | 39.00 | NOTE | |||
r-oldrel-macos-x86_64 | 0.1.2 | 123.00 | OK | |||
r-oldrel-windows-x86_64 | 0.1.2 | 43.00 | 111.00 | 154.00 | OK |
Version: 0.1.1
Check: C++ specification
Result: NOTE
Specified C++11: please drop specification unless essential
Flavor: r-oldrel-macos-arm64
Version: 0.1.1
Check: LazyData
Result: NOTE
'LazyData' is specified without a 'data' directory
Flavor: r-oldrel-macos-arm64