Last updated on 2025-10-02 01:49:58 CEST.
Flavor | Version | Tinstall | Tcheck | Ttotal | Status | Flags |
---|---|---|---|---|---|---|
r-devel-linux-x86_64-debian-clang | 2.1.5 | 7.51 | 37.09 | 44.60 | OK | |
r-devel-linux-x86_64-debian-gcc | 2.1.5 | 6.20 | 28.76 | 34.96 | OK | |
r-devel-linux-x86_64-fedora-clang | 2.1.5 | 68.04 | OK | |||
r-devel-linux-x86_64-fedora-gcc | 2.1.5 | 78.52 | OK | |||
r-devel-windows-x86_64 | 2.1.5 | 25.00 | 128.00 | 153.00 | OK | |
r-patched-linux-x86_64 | 2.1.5 | 8.09 | 35.51 | 43.60 | OK | |
r-release-linux-x86_64 | 2.1.5 | 7.40 | 35.34 | 42.74 | OK | |
r-release-macos-arm64 | 2.1.5 | 44.00 | OK | |||
r-release-macos-x86_64 | 2.1.5 | 79.00 | OK | |||
r-release-windows-x86_64 | 2.1.5 | 25.00 | 134.00 | 159.00 | OK | |
r-oldrel-macos-arm64 | 2.1.5 | 39.00 | NOTE | |||
r-oldrel-macos-x86_64 | 2.1.5 | 119.00 | NOTE | |||
r-oldrel-windows-x86_64 | 2.1.5 | 30.00 | 156.00 | 186.00 | NOTE |
Version: 2.1.5
Check: installed package size
Result: NOTE
installed size is 6.9Mb
sub-directories of 1Mb or more:
libs 6.5Mb
Flavors: r-oldrel-macos-arm64, r-oldrel-macos-x86_64, r-oldrel-windows-x86_64