CRAN Package Check Results for Package jubilee

Last updated on 2025-10-02 01:50:01 CEST.

Flavor Version Tinstall Tcheck Ttotal Status Flags
r-devel-linux-x86_64-debian-clang 0.3.3 6.45 81.96 88.41 NOTE
r-devel-linux-x86_64-debian-gcc 0.3.3 4.44 59.55 63.99 NOTE
r-devel-linux-x86_64-fedora-clang 0.3.3 132.99 OK
r-devel-linux-x86_64-fedora-gcc 0.3.3 131.59 OK
r-devel-windows-x86_64 0.3.3 12.00 131.00 143.00 OK
r-patched-linux-x86_64 0.3.3 7.78 76.74 84.52 OK
r-release-linux-x86_64 0.3.3 7.30 77.26 84.56 OK
r-release-macos-arm64 0.3.3 63.00 OK
r-release-macos-x86_64 0.3.3 91.00 OK
r-release-windows-x86_64 0.3.3 9.00 133.00 142.00 OK
r-oldrel-macos-arm64 0.3.3 49.00 NOTE
r-oldrel-macos-x86_64 0.3.3 74.00 NOTE
r-oldrel-windows-x86_64 0.3.3 13.00 151.00 164.00 NOTE

Check Details

Version: 0.3.3
Check: CRAN incoming feasibility
Result: NOTE Maintainer: ‘Stephen H-T. Lihn <stevelihn@gmail.com>’ Found the following URLs which should use \doi (with the DOI name only): File ‘jubilee-package.Rd’: http://dx.doi.org/10.2139/ssrn.3156574 File ‘jubilee.ols.Rd’: http://dx.doi.org/10.2139/ssrn.3156574 File ‘jubilee.predict.Rd’: http://dx.doi.org/10.2139/ssrn.3156574 File ‘tri.wave-class.Rd’: http://dx.doi.org/10.2139/ssrn.3156574 File ‘triangle.Rd’: http://dx.doi.org/10.2139/ssrn.3156574 Flavors: r-devel-linux-x86_64-debian-clang, r-devel-linux-x86_64-debian-gcc

Version: 0.3.3
Check: LazyData
Result: NOTE 'LazyData' is specified without a 'data' directory Flavors: r-oldrel-macos-arm64, r-oldrel-macos-x86_64, r-oldrel-windows-x86_64