Last updated on 2025-10-02 01:50:02 CEST.
Flavor | Version | Tinstall | Tcheck | Ttotal | Status | Flags |
---|---|---|---|---|---|---|
r-devel-linux-x86_64-debian-clang | 1.1.1 | 10.78 | 127.32 | 138.10 | NOTE | |
r-devel-linux-x86_64-debian-gcc | 1.1.1 | 7.19 | 87.70 | 94.89 | NOTE | |
r-devel-linux-x86_64-fedora-clang | 1.1.1 | 211.73 | OK | |||
r-devel-linux-x86_64-fedora-gcc | 1.1.1 | 332.74 | OK | |||
r-devel-windows-x86_64 | 1.1.1 | 12.00 | 130.00 | 142.00 | OK | |
r-patched-linux-x86_64 | 1.1.1 | 8.82 | 118.01 | 126.83 | OK | |
r-release-linux-x86_64 | 1.1.1 | 8.44 | 118.13 | 126.57 | OK | |
r-release-macos-arm64 | 1.1.1 | 124.00 | OK | |||
r-release-macos-x86_64 | 1.1.1 | 226.00 | OK | |||
r-release-windows-x86_64 | 1.1.1 | 14.00 | 129.00 | 143.00 | OK | |
r-oldrel-macos-arm64 | 1.1.1 | 99.00 | OK | |||
r-oldrel-macos-x86_64 | 1.1.1 | 194.00 | OK | |||
r-oldrel-windows-x86_64 | 1.1.1 | 18.00 | 168.00 | 186.00 | OK |
Version: 1.1.1
Check: CRAN incoming feasibility
Result: NOTE
Maintainer: ‘Hannah Comiskey <hannah.comiskey.2015@mumail.ie>’
The Description field contains
<arXiv:2212.03844>.
Please refer to arXiv e-prints via their arXiv DOI <doi:10.48550/arXiv.YYMM.NNNNN>.
Flavors: r-devel-linux-x86_64-debian-clang, r-devel-linux-x86_64-debian-gcc