Last updated on 2024-06-27 01:55:23 CEST.
Flavor | Version | Tinstall | Tcheck | Ttotal | Status | Flags |
---|---|---|---|---|---|---|
r-devel-linux-x86_64-debian-clang | 1.5.0 | OK | ||||
r-devel-linux-x86_64-debian-gcc | 1.5.0 | 83.30 | 61.87 | 145.17 | OK | |
r-devel-linux-x86_64-fedora-clang | 1.5.0 | 287.94 | OK | |||
r-devel-linux-x86_64-fedora-gcc | 1.5.0 | 304.00 | OK | |||
r-devel-windows-x86_64 | 1.5.0 | 119.00 | 106.00 | 225.00 | OK | |
r-patched-linux-x86_64 | 1.5.0 | 108.19 | 80.33 | 188.52 | OK | |
r-release-linux-x86_64 | 1.5.0 | 104.27 | 79.10 | 183.37 | OK | |
r-release-macos-arm64 | 1.5.0 | 84.00 | ERROR | |||
r-release-macos-x86_64 | 1.5.0 | 162.00 | ERROR | |||
r-release-windows-x86_64 | 1.5.0 | 125.00 | 111.00 | 236.00 | OK | |
r-oldrel-macos-arm64 | 1.5.0 | 96.00 | ERROR | |||
r-oldrel-macos-x86_64 | 1.5.0 | 120.00 | ERROR | |||
r-oldrel-windows-x86_64 | 1.5.0 | 146.00 | 124.00 | 270.00 | OK |
Version: 1.5.0
Check: installed package size
Result: NOTE
installed size is 11.2Mb
sub-directories of 1Mb or more:
libs 10.4Mb
Flavors: r-release-macos-arm64, r-release-macos-x86_64, r-oldrel-macos-arm64, r-oldrel-macos-x86_64
Version: 1.5.0
Check: tests
Result: ERROR
Running ‘testthat.R’ [3s/3s]
Running the tests in ‘tests/testthat.R’ failed.
Last 13 lines of output:
'test-utils.R:87:3', 'test-utils.R:94:3', 'test-utils.R:103:3',
'test-utils.R:112:3', 'test-utils.R:135:3', 'test-utils.R:150:3'
• Secret ODBC_PWD_SNOWFLAKE not available. (2): 'test-driver-snowflake.R:4:5',
'test-driver-snowflake.R:154:5'
══ Failed tests ════════════════════════════════════════════════════════════════
── Failure ('test-utils.R:144:3'): locate_install_unixodbc() returns reasonable values ──
file.exists(res[1]) is not TRUE
`actual`: FALSE
`expected`: TRUE
[ FAIL 1 | WARN 0 | SKIP 72 | PASS 77 ]
Error: Test failures
Execution halted
Flavors: r-release-macos-arm64, r-oldrel-macos-arm64
Version: 1.5.0
Check: tests
Result: ERROR
Running ‘testthat.R’ [5s/9s]
Running the tests in ‘tests/testthat.R’ failed.
Last 13 lines of output:
'test-utils.R:87:3', 'test-utils.R:94:3', 'test-utils.R:103:3',
'test-utils.R:112:3', 'test-utils.R:135:3', 'test-utils.R:150:3'
• Secret ODBC_PWD_SNOWFLAKE not available. (2): 'test-driver-snowflake.R:4:5',
'test-driver-snowflake.R:154:5'
══ Failed tests ════════════════════════════════════════════════════════════════
── Failure ('test-utils.R:144:3'): locate_install_unixodbc() returns reasonable values ──
file.exists(res[1]) is not TRUE
`actual`: FALSE
`expected`: TRUE
[ FAIL 1 | WARN 0 | SKIP 72 | PASS 77 ]
Error: Test failures
Execution halted
Flavor: r-release-macos-x86_64
Version: 1.5.0
Check: running R code from vignettes
Result: ERROR
Errors in running code in vignettes:
when running code in ‘benchmarks.Rmd’
...
> options(connectionObserver = NULL)
> odbc <- dbConnect(odbc::odbc(), dsn = "MicrosoftSQLServer",
+ uid = "SA", pwd = "BoopBop123!")
When sourcing ‘benchmarks.R’:
Error: ! ODBC failed with error 00000 from [unixODBC][Driver Manager].
✖ Data source name not found and no default driver specified
ℹ From 'nanodbc/nanodbc.cpp:1150'.
Execution halted
‘benchmarks.Rmd’ using ‘UTF-8’... failed
‘develop.Rmd’ using ‘UTF-8’... [0s/0s] OK
‘setup.Rmd’ using ‘UTF-8’... [0s/0s] OK
Flavors: r-oldrel-macos-arm64, r-oldrel-macos-x86_64
Version: 1.5.0
Check: tests
Result: ERROR
Running ‘testthat.R’ [4s/6s]
Running the tests in ‘tests/testthat.R’ failed.
Last 13 lines of output:
'test-utils.R:87:3', 'test-utils.R:94:3', 'test-utils.R:103:3',
'test-utils.R:112:3', 'test-utils.R:135:3', 'test-utils.R:150:3'
• Secret ODBC_PWD_SNOWFLAKE not available. (2): 'test-driver-snowflake.R:4:5',
'test-driver-snowflake.R:154:5'
══ Failed tests ════════════════════════════════════════════════════════════════
── Failure ('test-utils.R:144:3'): locate_install_unixodbc() returns reasonable values ──
file.exists(res[1]) is not TRUE
`actual`: FALSE
`expected`: TRUE
[ FAIL 1 | WARN 0 | SKIP 72 | PASS 77 ]
Error: Test failures
Execution halted
Flavor: r-oldrel-macos-x86_64