Last updated on 2024-06-26 01:48:20 CEST.
Flavor | Version | Tinstall | Tcheck | Ttotal | Status | Flags |
---|---|---|---|---|---|---|
r-devel-linux-x86_64-debian-clang | 0.10.7 | NOTE | ||||
r-devel-linux-x86_64-debian-gcc | 0.10.7 | 36.64 | 191.46 | 228.10 | NOTE | |
r-devel-linux-x86_64-fedora-clang | 0.10.7 | 405.85 | NOTE | |||
r-devel-linux-x86_64-fedora-gcc | 0.10.7 | 413.64 | NOTE | |||
r-devel-windows-x86_64 | 0.10.7 | 49.00 | 211.00 | 260.00 | NOTE | |
r-patched-linux-x86_64 | 0.10.7 | 48.84 | 248.77 | 297.61 | NOTE | |
r-release-linux-x86_64 | 0.10.7 | 43.95 | 253.81 | 297.76 | NOTE | |
r-release-macos-arm64 | 0.10.7 | 110.00 | NOTE | |||
r-release-macos-x86_64 | 0.10.7 | 172.00 | NOTE | |||
r-release-windows-x86_64 | 0.10.7 | 50.00 | 214.00 | 264.00 | NOTE | |
r-oldrel-macos-arm64 | 0.10.7 | 250.00 | NOTE | |||
r-oldrel-macos-x86_64 | 0.10.7 | 379.00 | NOTE | |||
r-oldrel-windows-x86_64 | 0.10.7 | 62.00 | 272.00 | 334.00 | NOTE |
Version: 0.10.7
Check: package dependencies
Result: NOTE
Package suggested but not available for checking: ‘rrelaxiv’
Flavors: r-devel-linux-x86_64-debian-clang, r-devel-linux-x86_64-debian-gcc, r-devel-linux-x86_64-fedora-clang, r-devel-linux-x86_64-fedora-gcc, r-devel-windows-x86_64, r-patched-linux-x86_64, r-release-linux-x86_64, r-release-macos-arm64, r-release-macos-x86_64, r-release-windows-x86_64, r-oldrel-macos-arm64, r-oldrel-macos-x86_64, r-oldrel-windows-x86_64