Last updated on 2025-10-02 01:50:06 CEST.
Flavor | Version | Tinstall | Tcheck | Ttotal | Status | Flags |
---|---|---|---|---|---|---|
r-devel-linux-x86_64-debian-clang | 1.2.4 | 68.84 | 95.03 | 163.87 | WARN | |
r-devel-linux-x86_64-debian-gcc | 1.2.6 | 48.43 | 69.71 | 118.14 | OK | |
r-devel-linux-x86_64-fedora-clang | 1.2.6 | 289.33 | OK | |||
r-devel-linux-x86_64-fedora-gcc | 1.2.6 | 153.55 | OK | |||
r-devel-windows-x86_64 | 1.2.4 | 82.00 | 122.00 | 204.00 | NOTE | |
r-patched-linux-x86_64 | 1.2.6 | 73.70 | 88.93 | 162.63 | OK | |
r-release-linux-x86_64 | 1.2.4 | 70.46 | 88.95 | 159.41 | NOTE | |
r-release-macos-arm64 | 1.2.6 | 77.00 | OK | |||
r-release-macos-x86_64 | 1.2.6 | 111.00 | OK | |||
r-release-windows-x86_64 | 1.2.6 | 79.00 | 120.00 | 199.00 | OK | |
r-oldrel-macos-arm64 | 1.2.4 | 78.00 | NOTE | |||
r-oldrel-macos-x86_64 | 1.2.6 | 249.00 | NOTE | |||
r-oldrel-windows-x86_64 | 1.2.6 | 87.00 | 149.00 | 236.00 | OK |
Version: 1.2.4
Check: whether package can be installed
Result: WARN
Found the following significant warnings:
/home/hornik/tmp/R.check/r-devel-clang/Work/build/Packages/RcppArmadillo/include/RcppArmadillo/version/arma.h:66:17: warning: Using fallback compilation with Armadillo 14.6.3. Please consider defining -DARMA_USE_CURRENT and also removing C++11 compilation directive. See GitHub issue #475 for more. [-W#pragma-messages]
See ‘/home/hornik/tmp/R.check/r-devel-clang/Work/PKGS/pdSpecEst.Rcheck/00install.out’ for details.
* used C++ compiler: ‘Debian clang version 19.1.7 (3+b2)’
Flavor: r-devel-linux-x86_64-debian-clang
Version: 1.2.4
Check: C++ specification
Result: NOTE
Specified C++11: please drop specification unless essential
Flavors: r-devel-linux-x86_64-debian-clang, r-devel-windows-x86_64, r-release-linux-x86_64, r-oldrel-macos-arm64
Version: 1.2.4
Check: Rd files
Result: NOTE
checkRd: (-1) pdkMeans.Rd:63: Lost braces
63 | \cite{C18}{pdSpecEst} for more details. Note that this comes at the cost of increased computation time in comparison to one
| ^
Flavors: r-devel-linux-x86_64-debian-clang, r-devel-windows-x86_64, r-release-linux-x86_64, r-oldrel-macos-arm64
Version: 1.2.4
Check: installed package size
Result: NOTE
installed size is 7.2Mb
sub-directories of 1Mb or more:
libs 6.2Mb
Flavor: r-oldrel-macos-arm64
Version: 1.2.4
Check: LazyData
Result: NOTE
'LazyData' is specified without a 'data' directory
Flavor: r-oldrel-macos-arm64
Version: 1.2.6
Check: installed package size
Result: NOTE
installed size is 7.5Mb
sub-directories of 1Mb or more:
libs 6.5Mb
Flavor: r-oldrel-macos-x86_64