Last updated on 2024-06-27 01:55:24 CEST.
Flavor | Version | Tinstall | Tcheck | Ttotal | Status | Flags |
---|---|---|---|---|---|---|
r-devel-linux-x86_64-debian-clang | 1.0-4 | OK | ||||
r-devel-linux-x86_64-debian-gcc | 1.0-4 | 6.86 | 44.36 | 51.22 | OK | |
r-devel-linux-x86_64-fedora-clang | 1.0-4 | 87.00 | NOTE | |||
r-devel-linux-x86_64-fedora-gcc | 1.0-4 | 82.90 | OK | |||
r-devel-windows-x86_64 | 1.0-4 | 10.00 | 70.00 | 80.00 | OK | |
r-patched-linux-x86_64 | 1.0-4 | 6.89 | 59.02 | 65.91 | OK | |
r-release-linux-x86_64 | 1.0-4 | 8.99 | 58.73 | 67.72 | OK | |
r-release-macos-arm64 | 1.0-4 | 28.00 | OK | |||
r-release-macos-x86_64 | 1.0-4 | 42.00 | OK | |||
r-release-windows-x86_64 | 1.0-4 | 11.00 | 70.00 | 81.00 | OK | |
r-oldrel-macos-arm64 | 1.0-4 | 29.00 | OK | |||
r-oldrel-macos-x86_64 | 1.0-4 | 47.00 | OK | |||
r-oldrel-windows-x86_64 | 1.0-4 | 14.00 | 82.00 | 96.00 | OK |
Version: 1.0-4
Check: Rd cross-references
Result: NOTE
Undeclared packages ‘sm’, ‘spdep’ in Rd xrefs
Flavor: r-devel-linux-x86_64-fedora-clang