CRAN Package Check Results for Package profile

Last updated on 2025-10-02 01:50:07 CEST.

Flavor Version Tinstall Tcheck Ttotal Status Flags
r-devel-linux-x86_64-debian-clang 1.0.4 4.21 41.96 46.17 OK
r-devel-linux-x86_64-debian-gcc 1.0.4 2.84 30.40 33.24 OK
r-devel-linux-x86_64-fedora-clang 1.0.4 70.86 OK
r-devel-linux-x86_64-fedora-gcc 1.0.4 65.70 OK
r-devel-windows-x86_64 1.0.3 6.00 55.00 61.00 NOTE
r-patched-linux-x86_64 1.0.4 4.07 38.47 42.54 OK
r-release-linux-x86_64 1.0.3 3.79 37.38 41.17 NOTE
r-release-macos-arm64 1.0.3 23.00 OK
r-release-macos-x86_64 1.0.4 78.00 OK
r-release-windows-x86_64 1.0.4 5.00 56.00 61.00 OK
r-oldrel-macos-arm64 1.0.3 23.00 OK
r-oldrel-macos-x86_64 1.0.4 84.00 OK
r-oldrel-windows-x86_64 1.0.4 7.00 65.00 72.00 OK

Check Details

Version: 1.0.3
Check: Rd cross-references
Result: NOTE Found the following Rd file(s) with Rd \link{} targets missing package anchors: validate_profile.Rd: tibble Please provide package anchors for all Rd \link{} targets not in the package itself and the base packages. Flavors: r-devel-windows-x86_64, r-release-linux-x86_64