CRAN Package Check Results for Package provTraceR

Last updated on 2025-10-05 01:48:38 CEST.

Flavor Version Tinstall Tcheck Ttotal Status Flags
r-devel-linux-x86_64-debian-clang 1.0 2.09 24.16 26.25 OK
r-devel-linux-x86_64-debian-gcc 1.0 1.68 19.55 21.23 OK
r-devel-linux-x86_64-fedora-clang 1.0 41.81 OK
r-devel-linux-x86_64-fedora-gcc 1.0 53.97 OK
r-devel-windows-x86_64 1.0 3.00 44.00 47.00 OK
r-patched-linux-x86_64 1.0 1.94 22.94 24.88 OK
r-release-linux-x86_64 1.0 1.92 22.73 24.65 OK
r-release-macos-arm64 1.0 30.00 OK
r-release-macos-x86_64 1.0 39.00 OK
r-release-windows-x86_64 1.0 4.00 44.00 48.00 OK
r-oldrel-macos-arm64 1.0 84.00 NOTE
r-oldrel-macos-x86_64 1.0 34.00 NOTE
r-oldrel-windows-x86_64 1.0 4.00 50.00 54.00 NOTE

Check Details

Version: 1.0
Check: package dependencies
Result: NOTE Package suggested but not available for checking: ‘rdt’ Flavors: r-oldrel-macos-arm64, r-oldrel-macos-x86_64, r-oldrel-windows-x86_64

Version: 1.0
Check: LazyData
Result: NOTE 'LazyData' is specified without a 'data' directory Flavors: r-oldrel-macos-arm64, r-oldrel-macos-x86_64, r-oldrel-windows-x86_64