Last updated on 2024-06-26 01:48:22 CEST.
Flavor | Version | Tinstall | Tcheck | Ttotal | Status | Flags |
---|---|---|---|---|---|---|
r-devel-linux-x86_64-debian-clang | 0.16.0 | OK | ||||
r-devel-linux-x86_64-debian-gcc | 0.16.0 | 87.19 | 86.83 | 174.02 | OK | |
r-devel-linux-x86_64-fedora-clang | 0.16.0 | 340.12 | OK | |||
r-devel-linux-x86_64-fedora-gcc | 0.16.0 | 345.98 | OK | |||
r-devel-windows-x86_64 | 0.16.0 | 98.00 | 131.00 | 229.00 | OK | |
r-patched-linux-x86_64 | 0.16.0 | 104.49 | 111.78 | 216.27 | OK | |
r-release-linux-x86_64 | 0.16.0 | 110.29 | 112.04 | 222.33 | OK | |
r-release-macos-arm64 | 0.16.0 | 85.00 | NOTE | |||
r-release-macos-x86_64 | 0.16.0 | 87.00 | NOTE | |||
r-release-windows-x86_64 | 0.16.0 | 98.00 | 129.00 | 227.00 | OK | |
r-oldrel-macos-arm64 | 0.16.0 | 76.00 | NOTE | |||
r-oldrel-macos-x86_64 | 0.16.0 | 142.00 | NOTE | |||
r-oldrel-windows-x86_64 | 0.16.0 | 118.00 | 162.00 | 280.00 | OK |
Version: 0.16.0
Check: installed package size
Result: NOTE
installed size is 7.6Mb
sub-directories of 1Mb or more:
libs 7.3Mb
Flavors: r-release-macos-arm64, r-release-macos-x86_64, r-oldrel-macos-arm64, r-oldrel-macos-x86_64