CRAN Package Check Results for Package rechonest

Last updated on 2025-10-02 01:50:09 CEST.

Flavor Version Tinstall Tcheck Ttotal Status Flags
r-devel-linux-x86_64-debian-clang 1.2 3.45 30.96 34.41 NOTE
r-devel-linux-x86_64-debian-gcc 1.2 2.42 24.08 26.50 NOTE
r-devel-linux-x86_64-fedora-clang 1.2 50.81 OK
r-devel-linux-x86_64-fedora-gcc 1.2 51.54 OK
r-devel-windows-x86_64 1.2 6.00 53.00 59.00 OK
r-patched-linux-x86_64 1.2 3.62 29.63 33.25 OK
r-release-linux-x86_64 1.2 3.19 29.59 32.78 OK
r-release-macos-arm64 1.2 20.00 OK
r-release-macos-x86_64 1.2 31.00 OK
r-release-windows-x86_64 1.2 5.00 52.00 57.00 OK
r-oldrel-macos-arm64 1.2 20.00 NOTE
r-oldrel-macos-x86_64 1.2 25.00 NOTE
r-oldrel-windows-x86_64 1.2 6.00 60.00 66.00 NOTE

Check Details

Version: 1.2
Check: CRAN incoming feasibility
Result: NOTE Maintainer: ‘Mukul Chaware <mukul.chaware13@gmail.com>’ No Authors@R field in DESCRIPTION. Please add one, modifying Authors@R: person(given = "Mukul", family = "Chaware", role = c("aut", "cre"), email = "mukul.chaware13@gmail.com") as necessary. Flavors: r-devel-linux-x86_64-debian-clang, r-devel-linux-x86_64-debian-gcc

Version: 1.2
Check: LazyData
Result: NOTE 'LazyData' is specified without a 'data' directory Flavors: r-oldrel-macos-arm64, r-oldrel-macos-x86_64, r-oldrel-windows-x86_64