CRAN Package Check Results for Package requireR

Last updated on 2025-10-06 01:49:55 CEST.

Flavor Version Tinstall Tcheck Ttotal Status Flags
r-devel-linux-x86_64-debian-clang 1.0.0.1 1.63 21.56 23.19 OK
r-devel-linux-x86_64-debian-gcc 1.0.0.1 1.20 18.28 19.48 OK
r-devel-linux-x86_64-fedora-clang 1.0.0.1 34.77 OK
r-devel-linux-x86_64-fedora-gcc 1.0.0.1 51.39 OK
r-devel-windows-x86_64 1.0.0.1 2.00 43.00 45.00 OK
r-patched-linux-x86_64 1.0.0.1 1.35 20.27 21.62 OK
r-release-linux-x86_64 1.0.0.1 1.52 20.37 21.89 OK
r-release-macos-arm64 1.0.0.1 31.00 OK
r-release-macos-x86_64 1.0.0.1 37.00 OK
r-release-windows-x86_64 1.0.0.1 4.00 43.00 47.00 OK
r-oldrel-macos-arm64 1.0.0.1 19.00 NOTE
r-oldrel-macos-x86_64 1.0.0.1 30.00 NOTE
r-oldrel-windows-x86_64 1.0.0.1 3.00 45.00 48.00 NOTE

Check Details

Version: 1.0.0.1
Check: LazyData
Result: NOTE 'LazyData' is specified without a 'data' directory Flavors: r-oldrel-macos-arm64, r-oldrel-macos-x86_64, r-oldrel-windows-x86_64