Last updated on 2024-06-27 01:55:28 CEST.
Flavor | Version | Tinstall | Tcheck | Ttotal | Status | Flags |
---|---|---|---|---|---|---|
r-devel-linux-x86_64-debian-clang | 0.5.1 | OK | ||||
r-devel-linux-x86_64-debian-gcc | 0.5.1 | 68.06 | 44.03 | 112.09 | OK | |
r-devel-linux-x86_64-fedora-clang | 0.5.1 | 202.36 | OK | |||
r-devel-linux-x86_64-fedora-gcc | 0.5.1 | 221.01 | OK | |||
r-devel-windows-x86_64 | 0.5.1 | 69.00 | 86.00 | 155.00 | NOTE | |
r-patched-linux-x86_64 | 0.5.1 | 79.69 | 55.91 | 135.60 | OK | |
r-release-linux-x86_64 | 0.5.1 | 81.72 | 56.10 | 137.82 | OK | |
r-release-macos-arm64 | 0.5.1 | 49.00 | NOTE | |||
r-release-macos-x86_64 | 0.5.1 | 67.00 | NOTE | |||
r-release-windows-x86_64 | 0.5.1 | 73.00 | 90.00 | 163.00 | NOTE | |
r-oldrel-macos-arm64 | 0.5.1 | 55.00 | NOTE | |||
r-oldrel-macos-x86_64 | 0.5.1 | 96.00 | NOTE | |||
r-oldrel-windows-x86_64 | 0.5.1 | 87.00 | 104.00 | 191.00 | NOTE |
Version: 0.5.1
Check: installed package size
Result: NOTE
installed size is 5.1Mb
sub-directories of 1Mb or more:
data 2.3Mb
libs 1.3Mb
Flavors: r-devel-windows-x86_64, r-release-macos-arm64, r-release-macos-x86_64, r-release-windows-x86_64, r-oldrel-macos-arm64, r-oldrel-macos-x86_64, r-oldrel-windows-x86_64