Last updated on 2024-06-27 01:55:28 CEST.
Flavor | Version | Tinstall | Tcheck | Ttotal | Status | Flags |
---|---|---|---|---|---|---|
r-devel-linux-x86_64-debian-clang | 0.2.19 | NOTE | ||||
r-devel-linux-x86_64-debian-gcc | 0.2.19 | 5.96 | 36.43 | 42.39 | NOTE | |
r-devel-linux-x86_64-fedora-clang | 0.2.19 | 71.25 | NOTE | |||
r-devel-linux-x86_64-fedora-gcc | 0.2.19 | 67.59 | NOTE | |||
r-devel-windows-x86_64 | 0.2.19 | 7.00 | 45.00 | 52.00 | NOTE | |
r-patched-linux-x86_64 | 0.2.19 | 6.46 | 47.27 | 53.73 | NOTE | |
r-release-linux-x86_64 | 0.2.19 | 4.37 | 47.51 | 51.88 | NOTE | |
r-release-macos-arm64 | 0.2.19 | 26.00 | NOTE | |||
r-release-macos-x86_64 | 0.2.19 | 32.00 | NOTE | |||
r-release-windows-x86_64 | 0.2.19 | 8.00 | 45.00 | 53.00 | NOTE | |
r-oldrel-macos-arm64 | 0.2.19 | 25.00 | NOTE | |||
r-oldrel-macos-x86_64 | 0.2.19 | 37.00 | NOTE | |||
r-oldrel-windows-x86_64 | 0.2.19 | 9.00 | 55.00 | 64.00 | NOTE |
Version: 0.2.19
Check: LazyData
Result: NOTE
'LazyData' is specified without a 'data' directory
Flavors: r-devel-linux-x86_64-debian-clang, r-devel-linux-x86_64-debian-gcc, r-devel-linux-x86_64-fedora-clang, r-devel-linux-x86_64-fedora-gcc, r-devel-windows-x86_64, r-patched-linux-x86_64, r-release-linux-x86_64, r-release-macos-arm64, r-release-macos-x86_64, r-release-windows-x86_64, r-oldrel-macos-arm64, r-oldrel-macos-x86_64, r-oldrel-windows-x86_64
Version: 0.2.19
Check: dependencies in R code
Result: NOTE
Namespace in Imports field not imported from: ‘h2o’
All declared Imports should be used.
Flavors: r-devel-linux-x86_64-fedora-clang, r-devel-linux-x86_64-fedora-gcc