CRAN Package Check Results for Package satin

Last updated on 2025-10-04 01:49:58 CEST.

Flavor Version Tinstall Tcheck Ttotal Status Flags
r-devel-linux-x86_64-debian-clang 1.2.0 5.69 50.72 56.41 OK
r-devel-linux-x86_64-debian-gcc 1.2.0 3.88 38.58 42.46 OK
r-devel-linux-x86_64-fedora-clang 1.2.0 85.20 OK
r-devel-linux-x86_64-fedora-gcc 1.2.0 85.78 OK
r-devel-windows-x86_64 1.2.0 7.00 73.00 80.00 OK
r-patched-linux-x86_64 1.2.0 6.50 48.97 55.47 OK
r-release-linux-x86_64 1.1.0 5.52 48.51 54.03 NOTE
r-release-macos-arm64 1.2.0 32.00 OK
r-release-macos-x86_64 1.2.0 71.00 OK
r-release-windows-x86_64 1.2.0 7.00 72.00 79.00 OK
r-oldrel-macos-arm64 1.1.0 25.00 OK
r-oldrel-macos-x86_64 1.2.0 63.00 OK
r-oldrel-windows-x86_64 1.2.0 9.00 83.00 92.00 OK

Check Details

Version: 1.1.0
Check: Rd cross-references
Result: NOTE Found the following Rd file(s) with Rd \link{} targets missing package anchors: crop.Rd: getpoly isolines.Rd: convCP, PolySet Please provide package anchors for all Rd \link{} targets not in the package itself and the base packages. Flavor: r-release-linux-x86_64