Last updated on 2025-10-02 01:50:13 CEST.
Flavor | Version | Tinstall | Tcheck | Ttotal | Status | Flags |
---|---|---|---|---|---|---|
r-devel-linux-x86_64-debian-clang | 5.5.1 | 29.35 | 347.43 | 376.78 | OK | |
r-devel-linux-x86_64-debian-gcc | 5.6.0 | 20.20 | 171.12 | 191.32 | OK | |
r-devel-linux-x86_64-fedora-clang | 5.6.0 | 406.91 | OK | |||
r-devel-linux-x86_64-fedora-gcc | 5.6.0 | 364.34 | OK | |||
r-devel-windows-x86_64 | 5.5.1 | 33.00 | 293.00 | 326.00 | OK | |
r-patched-linux-x86_64 | 5.6.0 | 32.05 | 256.34 | 288.39 | OK | |
r-release-linux-x86_64 | 5.5.1 | 29.15 | 335.33 | 364.48 | OK | |
r-release-macos-arm64 | 5.6.0 | 192.00 | OK | |||
r-release-macos-x86_64 | 5.6.0 | 423.00 | OK | |||
r-release-windows-x86_64 | 5.6.0 | 31.00 | 242.00 | 273.00 | OK | |
r-oldrel-macos-arm64 | 5.5.1 | 136.00 | NOTE | |||
r-oldrel-macos-x86_64 | 5.6.0 | 509.00 | OK | |||
r-oldrel-windows-x86_64 | 5.6.0 | 41.00 | 252.00 | 293.00 | OK |
Version: 5.5.1
Check: installed package size
Result: NOTE
installed size is 7.1Mb
sub-directories of 1Mb or more:
doc 5.5Mb
Flavor: r-oldrel-macos-arm64