CRAN Package Check Results for Package ssev

Last updated on 2025-10-03 02:51:42 CEST.

Flavor Version Tinstall Tcheck Ttotal Status Flags
r-devel-linux-x86_64-debian-clang 0.1.0 2.01 25.19 27.20 OK
r-devel-linux-x86_64-debian-gcc 0.1.0 1.61 20.04 21.65 OK
r-devel-linux-x86_64-fedora-clang 0.1.0 41.31 OK
r-devel-linux-x86_64-fedora-gcc 0.1.0 39.23 OK
r-devel-windows-x86_64 0.1.0 4.00 45.00 49.00 OK
r-patched-linux-x86_64 0.1.0 2.04 23.49 25.53 OK
r-release-linux-x86_64 0.1.0 1.79 23.97 25.76 OK
r-release-macos-arm64 0.1.0 22.00 OK
r-release-macos-x86_64 0.1.0 25.00 OK
r-release-windows-x86_64 0.1.0 4.00 45.00 49.00 OK
r-oldrel-macos-arm64 0.1.0 15.00 NOTE
r-oldrel-macos-x86_64 0.1.0 24.00 NOTE
r-oldrel-windows-x86_64 0.1.0 5.00 50.00 55.00 NOTE

Check Details

Version: 0.1.0
Check: LazyData
Result: NOTE 'LazyData' is specified without a 'data' directory Flavors: r-oldrel-macos-arm64, r-oldrel-macos-x86_64, r-oldrel-windows-x86_64