Last updated on 2025-07-24 02:52:27 CEST.
Flavor | Version | Tinstall | Tcheck | Ttotal | Status | Flags |
---|---|---|---|---|---|---|
r-devel-linux-x86_64-debian-clang | 0.1.4 | 5.73 | 45.08 | 50.81 | OK | |
r-devel-linux-x86_64-debian-gcc | 0.1.4 | 3.85 | 34.30 | 38.15 | OK | |
r-devel-linux-x86_64-fedora-clang | 0.1.4 | 75.01 | NOTE | |||
r-devel-linux-x86_64-fedora-gcc | 0.1.4 | 70.68 | NOTE | |||
r-devel-windows-x86_64 | 0.1.4 | 7.00 | 57.00 | 64.00 | OK | |
r-patched-linux-x86_64 | 0.1.4 | 4.29 | 40.38 | 44.67 | OK | |
r-release-linux-x86_64 | 0.1.4 | 4.56 | 39.98 | 44.54 | OK | |
r-release-macos-arm64 | 0.1.4 | 25.00 | OK | |||
r-release-macos-x86_64 | 0.1.4 | 47.00 | OK | |||
r-release-windows-x86_64 | 0.1.4 | 6.00 | 61.00 | 67.00 | OK | |
r-oldrel-macos-arm64 | 0.1.4 | 27.00 | OK | |||
r-oldrel-macos-x86_64 | 0.1.4 | 36.00 | OK | |||
r-oldrel-windows-x86_64 | 0.1.4 | 8.00 | 72.00 | 80.00 | OK |
Version: 0.1.4
Check: dependencies in R code
Result: NOTE
Namespace in Imports field not imported from: ‘tibble’
All declared Imports should be used.
Flavors: r-devel-linux-x86_64-fedora-clang, r-devel-linux-x86_64-fedora-gcc