Last updated on 2025-07-17 02:49:40 CEST.
Flavor | Version | Tinstall | Tcheck | Ttotal | Status | Flags |
---|---|---|---|---|---|---|
r-devel-linux-x86_64-debian-clang | 2.1.2 | 3.23 | 59.79 | 63.02 | NOTE | |
r-devel-linux-x86_64-debian-gcc | 2.1.2 | 2.09 | 45.50 | 47.59 | NOTE | |
r-devel-linux-x86_64-fedora-clang | 2.1.2 | 88.98 | OK | |||
r-devel-linux-x86_64-fedora-gcc | 2.1.2 | 99.43 | OK | |||
r-devel-windows-x86_64 | 2.1.2 | 6.00 | 84.00 | 90.00 | NOTE | |
r-patched-linux-x86_64 | 2.1.2 | 3.88 | 51.22 | 55.10 | NOTE | |
r-release-linux-x86_64 | 2.1.2 | 3.52 | 51.66 | 55.18 | NOTE | |
r-release-macos-arm64 | 2.1.2 | 55.00 | OK | |||
r-release-macos-x86_64 | 2.1.2 | 92.00 | OK | |||
r-release-windows-x86_64 | 2.1.2 | 7.00 | 84.00 | 91.00 | NOTE | |
r-oldrel-macos-arm64 | 2.1.2 | 41.00 | NOTE | |||
r-oldrel-macos-x86_64 | 2.1.2 | 58.00 | NOTE | |||
r-oldrel-windows-x86_64 | 2.1.2 | 8.00 | 108.00 | 116.00 | NOTE |
Version: 2.1.2
Check: Rd cross-references
Result: NOTE
Found the following Rd file(s) with Rd \link{} targets missing package
anchors:
tableHTML_output.Rd: uiOutput
Please provide package anchors for all Rd \link{} targets not in the
package itself and the base packages.
Flavors: r-devel-linux-x86_64-debian-clang, r-devel-linux-x86_64-debian-gcc, r-devel-windows-x86_64, r-patched-linux-x86_64, r-release-linux-x86_64, r-release-windows-x86_64
Version: 2.1.2
Check: installed package size
Result: NOTE
installed size is 6.1Mb
sub-directories of 1Mb or more:
doc 5.9Mb
Flavors: r-oldrel-macos-arm64, r-oldrel-macos-x86_64, r-oldrel-windows-x86_64