Last updated on 2024-06-27 01:55:32 CEST.
Flavor | Version | Tinstall | Tcheck | Ttotal | Status | Flags |
---|---|---|---|---|---|---|
r-devel-linux-x86_64-debian-clang | 0.1.3 | OK | ||||
r-devel-linux-x86_64-debian-gcc | 0.1.3 | 94.23 | 24.27 | 118.50 | OK | |
r-devel-linux-x86_64-fedora-clang | 0.1.3 | 241.08 | OK | |||
r-devel-linux-x86_64-fedora-gcc | 0.1.3 | 265.32 | OK | |||
r-devel-windows-x86_64 | 0.1.3 | 93.00 | 70.00 | 163.00 | OK | |
r-patched-linux-x86_64 | 0.1.3 | 121.13 | 30.14 | 151.27 | OK | |
r-release-linux-x86_64 | 0.1.3 | 119.46 | 30.34 | 149.80 | OK | |
r-release-macos-arm64 | 0.1.3 | 53.00 | NOTE | |||
r-release-macos-x86_64 | 0.1.3 | 58.00 | NOTE | |||
r-release-windows-x86_64 | 0.1.3 | 103.00 | 74.00 | 177.00 | OK | |
r-oldrel-macos-arm64 | 0.1.3 | 58.00 | NOTE | |||
r-oldrel-macos-x86_64 | 0.1.3 | 94.00 | NOTE | |||
r-oldrel-windows-x86_64 | 0.1.3 | 87.00 | 76.00 | 163.00 | OK |
Version: 0.1.3
Check: installed package size
Result: NOTE
installed size is 6.1Mb
sub-directories of 1Mb or more:
libs 5.1Mb
Flavors: r-release-macos-arm64, r-release-macos-x86_64, r-oldrel-macos-arm64, r-oldrel-macos-x86_64