Last updated on 2025-10-05 01:48:46 CEST.
Flavor | Version | Tinstall | Tcheck | Ttotal | Status | Flags |
---|---|---|---|---|---|---|
r-devel-linux-x86_64-debian-clang | 0.1.5 | 24.50 | 231.60 | 256.10 | NOTE | |
r-devel-linux-x86_64-debian-gcc | 0.1.5 | 14.82 | 143.64 | 158.46 | NOTE | |
r-devel-linux-x86_64-fedora-clang | 0.1.5 | 405.54 | NOTE | |||
r-devel-linux-x86_64-fedora-gcc | 0.1.5 | 400.36 | NOTE | |||
r-devel-windows-x86_64 | 0.1.5 | 25.00 | 184.00 | 209.00 | NOTE | |
r-patched-linux-x86_64 | 0.1.5 | 22.92 | 219.95 | 242.87 | NOTE | |
r-release-linux-x86_64 | 0.1.5 | 23.85 | 220.12 | 243.97 | NOTE | |
r-release-macos-arm64 | 0.1.5 | 81.00 | OK | |||
r-release-macos-x86_64 | 0.1.5 | 148.00 | OK | |||
r-release-windows-x86_64 | 0.1.5 | 24.00 | 182.00 | 206.00 | NOTE | |
r-oldrel-macos-arm64 | 0.1.5 | 33.00 | OK | |||
r-oldrel-macos-x86_64 | 0.1.5 | 54.00 | OK | |||
r-oldrel-windows-x86_64 | 0.1.5 | 38.00 | 260.00 | 298.00 | OK |
Version: 0.1.5
Check: Rd cross-references
Result: NOTE
Found the following Rd file(s) with Rd \link{} targets missing package
anchors:
get_wis_raster_layer.Rd: get_map_layer
Please provide package anchors for all Rd \link{} targets not in the
package itself and the base packages.
Flavors: r-devel-linux-x86_64-debian-clang, r-devel-linux-x86_64-debian-gcc, r-devel-windows-x86_64, r-patched-linux-x86_64, r-release-linux-x86_64, r-release-windows-x86_64
Version: 0.1.5
Check: dependencies in R code
Result: NOTE
Namespace in Imports field not imported from: ‘ggplot2’
All declared Imports should be used.
Flavors: r-devel-linux-x86_64-fedora-clang, r-devel-linux-x86_64-fedora-gcc