Last updated on 2024-06-20 01:52:00 CEST.
Flavor | Version | Tinstall | Tcheck | Ttotal | Status | Flags |
---|---|---|---|---|---|---|
r-devel-linux-x86_64-debian-clang | 2.72 | 51.50 | 102.88 | 154.38 | NOTE | |
r-devel-linux-x86_64-debian-gcc | 2.72 | 44.95 | 302.13 | 347.08 | NOTE | |
r-devel-linux-x86_64-fedora-clang | 2.72 | 235.56 | NOTE | |||
r-devel-linux-x86_64-fedora-gcc | 2.72 | 278.72 | NOTE | |||
r-devel-windows-x86_64 | 2.72 | 51.00 | 107.00 | 158.00 | NOTE | |
r-patched-linux-x86_64 | 2.72 | 65.64 | 173.20 | 238.84 | NOTE | |
r-release-linux-x86_64 | 2.72 | 61.43 | 183.18 | 244.61 | NOTE | |
r-release-macos-arm64 | 2.72 | 60.00 | NOTE | |||
r-release-macos-x86_64 | 2.72 | 84.00 | NOTE | |||
r-release-windows-x86_64 | 2.72 | 52.00 | 115.00 | 167.00 | NOTE | |
r-oldrel-macos-arm64 | 2.72 | 69.00 | NOTE | |||
r-oldrel-macos-x86_64 | 2.72 | 109.00 | NOTE | |||
r-oldrel-windows-x86_64 | 2.72 | 62.00 | 125.00 | 187.00 | NOTE |
Version: 2.72
Check: C++ specification
Result: NOTE
Specified C++11: please drop specification unless essential
Flavors: r-devel-linux-x86_64-debian-clang, r-devel-linux-x86_64-debian-gcc, r-devel-linux-x86_64-fedora-clang, r-devel-linux-x86_64-fedora-gcc, r-devel-windows-x86_64, r-patched-linux-x86_64, r-release-linux-x86_64, r-release-macos-arm64, r-release-macos-x86_64, r-release-windows-x86_64, r-oldrel-macos-arm64, r-oldrel-macos-x86_64, r-oldrel-windows-x86_64
Version: 2.72
Check: installed package size
Result: NOTE
installed size is 5.2Mb
sub-directories of 1Mb or more:
libs 3.7Mb
Flavors: r-release-macos-x86_64, r-oldrel-macos-arm64, r-oldrel-macos-x86_64
Version: 2.72
Check: package dependencies
Result: NOTE
Packages suggested but not available for checking: 'ssgraph', 'tmvtnorm'
Flavor: r-oldrel-macos-x86_64
Version: 2.72
Check: Rd cross-references
Result: NOTE
Package unavailable to check Rd xrefs: ‘ssgraph’
Flavor: r-oldrel-macos-x86_64