Last updated on 2024-06-26 01:48:19 CEST.
Flavor | Version | Tinstall | Tcheck | Ttotal | Status | Flags |
---|---|---|---|---|---|---|
r-devel-linux-x86_64-debian-clang | 1.1.2 | OK | ||||
r-devel-linux-x86_64-debian-gcc | 1.1.2 | 2786.88 | 64.50 | 2851.38 | OK | |
r-devel-linux-x86_64-fedora-clang | 1.1.2 | 6540.46 | OK | |||
r-devel-linux-x86_64-fedora-gcc | 1.1.2 | 3051.10 | OK | |||
r-patched-linux-x86_64 | 1.1.2 | 3211.98 | 84.90 | 3296.88 | OK | |
r-release-linux-x86_64 | 1.1.2 | 3223.26 | 84.50 | 3307.76 | OK | |
r-release-macos-arm64 | 1.1.2 | 627.00 | ERROR | |||
r-release-macos-x86_64 | 1.1.2 | 1679.00 | OK | |||
r-oldrel-macos-arm64 | 1.1.2 | 595.00 | ERROR | |||
r-oldrel-macos-x86_64 | 1.1.2 | 1717.00 | OK |
Version: 1.1.2
Check: whether package can be installed
Result: ERROR
Installation failed.
Flavors: r-release-macos-arm64, r-oldrel-macos-arm64