Last updated on 2024-06-19 01:48:19 CEST.
Flavor | Version | Tinstall | Tcheck | Ttotal | Status | Flags |
---|---|---|---|---|---|---|
r-devel-linux-x86_64-debian-clang | 1.0.1 | 9.09 | 165.57 | 174.66 | OK | |
r-devel-linux-x86_64-debian-gcc | 1.0.1 | 8.02 | 122.95 | 130.97 | OK | |
r-devel-linux-x86_64-fedora-clang | 1.0.1 | 215.63 | OK | |||
r-devel-linux-x86_64-fedora-gcc | 1.0.1 | 212.32 | OK | |||
r-devel-windows-x86_64 | 1.0.1 | 10.00 | 136.00 | 146.00 | OK | |
r-patched-linux-x86_64 | 1.0.1 | 15.68 | 157.63 | 173.31 | OK | |
r-release-linux-x86_64 | 1.0.1 | 8.01 | 159.01 | 167.02 | OK | |
r-release-macos-arm64 | 1.0.1 | 62.00 | OK | |||
r-release-macos-x86_64 | 1.0.1 | 98.00 | OK | |||
r-release-windows-x86_64 | 1.0.1 | 8.00 | 136.00 | 144.00 | OK | |
r-oldrel-macos-arm64 | 1.0.1 | 75.00 | OK | |||
r-oldrel-macos-x86_64 | 1.0.1 | 111.00 | NOTE | |||
r-oldrel-windows-x86_64 | 1.0.1 | 11.00 | 163.00 | 174.00 | OK |
Version: 1.0.1
Check: package dependencies
Result: NOTE
Package suggested but not available for checking: ‘MARSS’
Flavor: r-oldrel-macos-x86_64