Last updated on 2024-06-19 01:48:20 CEST.
Flavor | Version | Tinstall | Tcheck | Ttotal | Status | Flags |
---|---|---|---|---|---|---|
r-devel-linux-x86_64-debian-clang | 1.0 | 40.45 | 79.29 | 119.74 | OK | |
r-devel-linux-x86_64-debian-gcc | 1.0 | 28.49 | 59.65 | 88.14 | OK | |
r-devel-linux-x86_64-fedora-clang | 1.0 | 165.05 | OK | |||
r-devel-linux-x86_64-fedora-gcc | 1.0 | 152.21 | OK | |||
r-devel-windows-x86_64 | 1.0 | 34.00 | 100.00 | 134.00 | OK | |
r-patched-linux-x86_64 | 1.0 | 24.75 | 77.65 | 102.40 | OK | |
r-release-linux-x86_64 | 1.0 | 25.39 | 75.86 | 101.25 | OK | |
r-release-macos-arm64 | 1.0 | 43.00 | NOTE | |||
r-release-macos-x86_64 | 1.0 | 64.00 | NOTE | |||
r-release-windows-x86_64 | 1.0 | 34.00 | 102.00 | 136.00 | OK | |
r-oldrel-macos-arm64 | 1.0 | 48.00 | NOTE | |||
r-oldrel-macos-x86_64 | 1.0 | 82.00 | NOTE | |||
r-oldrel-windows-x86_64 | 1.0 | 44.00 | 120.00 | 164.00 | OK |
Version: 1.0
Check: installed package size
Result: NOTE
installed size is 5.6Mb
sub-directories of 1Mb or more:
data 4.2Mb
Flavors: r-release-macos-arm64, r-release-macos-x86_64, r-oldrel-macos-arm64, r-oldrel-macos-x86_64