Last updated on 2024-06-27 01:55:20 CEST.
Flavor | Version | Tinstall | Tcheck | Ttotal | Status | Flags |
---|---|---|---|---|---|---|
r-devel-linux-x86_64-debian-clang | 0.1.0 | OK | ||||
r-devel-linux-x86_64-debian-gcc | 0.1.0 | 2.90 | 53.72 | 56.62 | OK | |
r-devel-linux-x86_64-fedora-clang | 0.1.0 | 96.63 | NOTE | |||
r-devel-linux-x86_64-fedora-gcc | 0.1.0 | 108.89 | OK | |||
r-devel-windows-x86_64 | 0.1.0 | 7.00 | 74.00 | 81.00 | NOTE | |
r-patched-linux-x86_64 | 0.1.0 | 6.11 | 67.35 | 73.46 | OK | |
r-release-linux-x86_64 | 0.1.0 | 3.77 | 69.04 | 72.81 | OK | |
r-release-macos-arm64 | 0.1.0 | 41.00 | NOTE | |||
r-release-macos-x86_64 | 0.1.0 | 54.00 | NOTE | |||
r-release-windows-x86_64 | 0.1.0 | 6.00 | 74.00 | 80.00 | NOTE | |
r-oldrel-macos-arm64 | 0.1.0 | 42.00 | NOTE | |||
r-oldrel-macos-x86_64 | 0.1.0 | 108.00 | NOTE | |||
r-oldrel-windows-x86_64 | 0.1.0 | 7.00 | 85.00 | 92.00 | NOTE |
Version: 0.1.0
Check: installed package size
Result: NOTE
installed size is 6.2Mb
sub-directories of 1Mb or more:
doc 5.9Mb
Flavors: r-devel-linux-x86_64-fedora-clang, r-devel-windows-x86_64, r-release-macos-arm64, r-release-macos-x86_64, r-release-windows-x86_64, r-oldrel-macos-arm64, r-oldrel-macos-x86_64, r-oldrel-windows-x86_64