Last updated on 2024-05-21 02:02:14 CEST.
Flavor | Version | Tinstall | Tcheck | Ttotal | Status | Flags |
---|---|---|---|---|---|---|
r-devel-linux-x86_64-debian-clang | 5.97 | 38.95 | 203.46 | 242.41 | NOTE | |
r-devel-linux-x86_64-debian-gcc | 5.97 | 27.14 | 149.09 | 176.23 | WARN | |
r-devel-linux-x86_64-fedora-clang | 5.97 | 226.08 | WARN | |||
r-devel-linux-x86_64-fedora-gcc | 5.97 | 293.85 | WARN | |||
r-devel-windows-x86_64 | 5.97 | 39.00 | 176.00 | 215.00 | WARN | |
r-patched-linux-x86_64 | 5.97 | 35.88 | 195.77 | 231.65 | WARN | |
r-release-linux-x86_64 | 5.97 | 30.44 | 192.84 | 223.28 | NOTE | |
r-release-macos-arm64 | 5.97 | 84.00 | NOTE | |||
r-release-windows-x86_64 | 5.97 | 41.00 | 172.00 | 213.00 | NOTE | |
r-oldrel-macos-arm64 | 5.97 | 96.00 | OK | |||
r-oldrel-macos-x86_64 | 5.97 | 209.00 | OK | |||
r-oldrel-windows-x86_64 | 5.97 | 47.00 | 210.00 | 257.00 | OK |
Version: 5.97
Check: Rd files
Result: NOTE
checkRd: (-1) boot.rq.pwxy.Rd:52: Lost braces in \enumerate; \value handles \item{}{} directly
checkRd: (-1) boot.rq.pwxy.Rd:53: Lost braces in \enumerate; \value handles \item{}{} directly
checkRd: (-1) boot.rq.pwxy.Rd:54: Lost braces in \enumerate; \value handles \item{}{} directly
checkRd: (-1) plot.rqss.Rd:16: Lost braces; missing escapes or markup?
16 | to plot {summary.rqss} objects just generates a warning message.
| ^
checkRd: (-1) rq.fit.conquer.Rd:22: Lost braces
22 | objective function. Default is max{((log(n) + p) / n)^0.4, 0.05}.
| ^
checkRd: (-1) rq.fit.pfnb.Rd:37-38: Lost braces in \enumerate; \value handles \item{}{} directly
checkRd: (-1) rq.fit.pfnb.Rd:39-43: Lost braces in \enumerate; \value handles \item{}{} directly
checkRd: (-1) rq.fit.pfnb.Rd:44: Lost braces in \enumerate; \value handles \item{}{} directly
checkRd: (-1) rq.fit.qfnb.Rd:31-32: Lost braces in \enumerate; \value handles \item{}{} directly
checkRd: (-1) rq.fit.qfnb.Rd:33: Lost braces in \enumerate; \value handles \item{}{} directly
checkRd: (-1) rq.fit.qfnb.Rd:34: Lost braces in \enumerate; \value handles \item{}{} directly
Flavors: r-devel-linux-x86_64-debian-clang, r-devel-linux-x86_64-debian-gcc, r-devel-linux-x86_64-fedora-clang, r-devel-linux-x86_64-fedora-gcc, r-devel-windows-x86_64, r-patched-linux-x86_64, r-release-linux-x86_64, r-release-macos-arm64, r-release-windows-x86_64
Version: 5.97
Check: whether package can be installed
Result: WARN
Found the following significant warnings:
Warning: Fortran 2018 deleted feature: Arithmetic IF statement at (1)
Warning: Fortran 2018 deleted feature: Shared DO termination label 5 at (1)
Warning: Fortran 2018 deleted feature: DO termination statement which is not END DO or CONTINUE with label 5 at (1)
Warning: Fortran 2018 deleted feature: DO termination statement which is not END DO or CONTINUE with label 25 at (1)
Warning: Fortran 2018 deleted feature: DO termination statement which is not END DO or CONTINUE with label 50 at (1)
Warning: Fortran 2018 deleted feature: DO termination statement which is not END DO or CONTINUE with label 60 at (1)
Warning: Fortran 2018 deleted feature: DO termination statement which is not END DO or CONTINUE with label 80 at (1)
Warning: Fortran 2018 deleted feature: DO termination statement which is not END DO or CONTINUE with label 90 at (1)
Warning: Fortran 2018 deleted feature: DO termination statement which is not END DO or CONTINUE with label 210 at (1)
Warning: Fortran 2018 deleted feature: DO termination statement which is not END DO or CONTINUE with label 240 at (1)
Warning: Fortran 2018 deleted feature: DO termination statement which is not END DO or CONTINUE with label 250 at (1)
Warning: Fortran 2018 deleted feature: DO termination statement which is not END DO or CONTINUE with label 260 at (1)
Warning: Fortran 2018 deleted feature: DO termination statement which is not END DO or CONTINUE with label 270 at (1)
Warning: Fortran 2018 deleted feature: Shared DO termination label 310 at (1)
Warning: Fortran 2018 deleted feature: DO termination statement which is not END DO or CONTINUE with label 310 at (1)
Warning: Fortran 2018 deleted feature: DO termination statement which is not END DO or CONTINUE with label 330 at (1)
Warning: Fortran 2018 deleted feature: DO termination statement which is not END DO or CONTINUE with label 340 at (1)
Warning: Fortran 2018 deleted feature: DO termination statement which is not END DO or CONTINUE with label 350 at (1)
Warning: Fortran 2018 deleted feature: DO termination statement which is not END DO or CONTINUE with label 360 at (1)
Warning: Fortran 2018 deleted feature: DO termination statement which is not END DO or CONTINUE with label 370 at (1)
Warning: Fortran 2018 deleted feature: DO termination statement which is not END DO or CONTINUE with label 396 at (1)
Warning: Fortran 2018 deleted feature: DO termination statement which is not END DO or CONTINUE with label 506 at (1)
Warning: Fortran 2018 deleted feature: DO termination statement which is not END DO or CONTINUE with label 510 at (1)
Warning: Fortran 2018 deleted feature: DO termination statement which is not END DO or CONTINUE with label 514 at (1)
Warning: Fortran 2018 deleted feature: DO termination statement which is not END DO or CONTINUE with label 520 at (1)
Warning: Fortran 2018 deleted feature: DO termination statement which is not END DO or CONTINUE with label 534 at (1)
Warning: Fortran 2018 deleted feature: DO termination statement which is not END DO or CONTINUE with label 540 at (1)
Warning: Fortran 2018 deleted feature: DO termination statement which is not END DO or CONTINUE with label 610 at (1)
Warning: Fortran 2018 deleted feature: DO termination statement which is not END DO or CONTINUE with label 650 at (1)
Warning: Fortran 2018 deleted feature: DO termination statement which is not END DO or CONTINUE with label 660 at (1)
Warning: Fortran 2018 deleted feature: DO termination statement which is not END DO or CONTINUE with label 670 at (1)
Warning: Fortran 2018 deleted feature: DO termination statement which is not END DO or CONTINUE with label 70 at (1)
Warning: Fortran 2018 deleted feature: DO termination statement which is not END DO or CONTINUE with label 95 at (1)
Warning: Fortran 2018 deleted feature: DO termination statement which is not END DO or CONTINUE with label 130 at (1)
Warning: Fortran 2018 deleted feature: DO termination statement which is not END DO or CONTINUE with label 10 at (1)
See ‘/home/hornik/tmp/R.check/r-devel-gcc/Work/PKGS/quantreg.Rcheck/00install.out’ for details.
* used C compiler: ‘gcc-13 (Debian 13.2.0-24) 13.2.0’
* used Fortran compiler: ‘GNU Fortran (Debian 13.2.0-24) 13.2.0’
Flavor: r-devel-linux-x86_64-debian-gcc
Version: 5.97
Check: whether package can be installed
Result: WARN
Found the following significant warnings:
./cholesky.f:2948:26: portability: deprecated usage
./cholesky.f:2948:26: in the context: arithmetic IF statement
./cholesky.f:2982:18: portability: deprecated usage
./cholesky.f:2982:18: in the context: arithmetic IF statement
./cholesky.f:3299:22: portability: deprecated usage
./cholesky.f:3299:22: in the context: arithmetic IF statement
./cholesky.f:3356:30: portability: deprecated usage
./cholesky.f:3356:30: in the context: arithmetic IF statement
./cholesky.f:3430:42: portability: deprecated usage
./cholesky.f:3430:42: in the context: arithmetic IF statement
./crqf.f:94:7: portability: A DO loop should terminate with an END DO or CONTINUE
./crqf.f:98:9: portability: A DO loop should terminate with an END DO or CONTINUE
./crqf.f:139:9: portability: A DO loop should terminate with an END DO or CONTINUE
./crqf.f:148:7: portability: A DO loop should terminate with an END DO or CONTINUE
./crqf.f:164:9: portability: A DO loop should terminate with an END DO or CONTINUE
./crqf.f:177:7: portability: A DO loop should terminate with an END DO or CONTINUE
./crqf.f:179:7: portability: A DO loop should terminate with an END DO or CONTINUE
./crqf.f:191:7: portability: A DO loop should terminate with an END DO or CONTINUE
./crqf.f:204:9: portability: A DO loop should terminate with an END DO or CONTINUE
./crqf.f:225:7: portability: A DO loop should terminate with an END DO or CONTINUE
./crqf.f:227:7: portability: A DO loop should terminate with an END DO or CONTINUE
./crqf.f:235:7: portability: A DO loop should terminate with an END DO or CONTINUE
./crqf.f:256:9: portability: A DO loop should terminate with an END DO or CONTINUE
./crqf.f:258:9: portability: A DO loop should terminate with an END DO or CONTINUE
./crqf.f:270:7: portability: A DO loop should terminate with an END DO or CONTINUE
./crqf.f:272:7: portability: A DO loop should terminate with an END DO or CONTINUE
./crqf.f:275:2: portability: A DO loop should terminate with an END DO or CONTINUE
./crqf.f:277:7: portability: A DO loop should terminate with an END DO or CONTINUE
./crqf.f:286:9: portability: A DO loop should terminate with an END DO or CONTINUE
./crqf.f:328:10: portability: A DO loop should terminate with an END DO or CONTINUE
./crqf.f:368:7: portability: A DO loop should terminate with an END DO or CONTINUE
./crqf.f:375:11: portability: A DO loop should terminate with an END DO or CONTINUE
./crqf.f:378:11: portability: A DO loop should terminate with an END DO or CONTINUE
./crqf.f:387:9: portability: A DO loop should terminate with an END DO or CONTINUE
./crqf.f:393:7: portability: A DO loop should terminate with an END DO or CONTINUE
./crqf.f:412:13: portability: A DO loop should terminate with an END DO or CONTINUE
./crqf.f:428:7: portability: A DO loop should terminate with an END DO or CONTINUE
./crqf.f:435:7: portability: A DO loop should terminate with an END DO or CONTINUE
./crqf.f:442:7: portability: A DO loop should terminate with an END DO or CONTINUE
./crqf.f:444:9: portability: A DO loop should terminate with an END DO or CONTINUE
./crqf.f:484:7: portability: A DO loop should terminate with an END DO or CONTINUE
./crqf.f:486:9: portability: A DO loop should terminate with an END DO or CONTINUE
./crqf.f:496:7: portability: A DO loop should terminate with an END DO or CONTINUE
./crqf.f:498:7: portability: A DO loop should terminate with an END DO or CONTINUE
./crqf.f:543:7: portability: A DO loop should terminate with an END DO or CONTINUE
./iswap.f:40:7: portability: deprecated usage
./iswap.f:40:7: in the context: arithmetic IF statement
./srtpai.f:18:7: portability: A DO loop should terminate with an END DO or CONTINUE
See ‘/data/gannet/ripley/R/packages/tests-clang/quantreg.Rcheck/00install.out’ for details.
* used C compiler: ‘clang version 18.1.5’
* used Fortran compiler: ‘flang-new version 18.1.5’
Flavor: r-devel-linux-x86_64-fedora-clang
Version: 5.97
Check: whether package can be installed
Result: WARN
Found the following significant warnings:
Warning: Fortran 2018 deleted feature: Arithmetic IF statement at (1)
Warning: Fortran 2018 deleted feature: Shared DO termination label 5 at (1)
Warning: Fortran 2018 deleted feature: DO termination statement which is not END DO or CONTINUE with label 5 at (1)
Warning: Fortran 2018 deleted feature: DO termination statement which is not END DO or CONTINUE with label 25 at (1)
Warning: Fortran 2018 deleted feature: DO termination statement which is not END DO or CONTINUE with label 50 at (1)
Warning: Fortran 2018 deleted feature: DO termination statement which is not END DO or CONTINUE with label 60 at (1)
Warning: Fortran 2018 deleted feature: DO termination statement which is not END DO or CONTINUE with label 80 at (1)
Warning: Fortran 2018 deleted feature: DO termination statement which is not END DO or CONTINUE with label 90 at (1)
Warning: Fortran 2018 deleted feature: DO termination statement which is not END DO or CONTINUE with label 210 at (1)
Warning: Fortran 2018 deleted feature: DO termination statement which is not END DO or CONTINUE with label 240 at (1)
Warning: Fortran 2018 deleted feature: DO termination statement which is not END DO or CONTINUE with label 250 at (1)
Warning: Fortran 2018 deleted feature: DO termination statement which is not END DO or CONTINUE with label 260 at (1)
Warning: Fortran 2018 deleted feature: DO termination statement which is not END DO or CONTINUE with label 270 at (1)
Warning: Fortran 2018 deleted feature: Shared DO termination label 310 at (1)
Warning: Fortran 2018 deleted feature: DO termination statement which is not END DO or CONTINUE with label 310 at (1)
Warning: Fortran 2018 deleted feature: DO termination statement which is not END DO or CONTINUE with label 330 at (1)
Warning: Fortran 2018 deleted feature: DO termination statement which is not END DO or CONTINUE with label 340 at (1)
Warning: Fortran 2018 deleted feature: DO termination statement which is not END DO or CONTINUE with label 350 at (1)
Warning: Fortran 2018 deleted feature: DO termination statement which is not END DO or CONTINUE with label 360 at (1)
Warning: Fortran 2018 deleted feature: DO termination statement which is not END DO or CONTINUE with label 370 at (1)
Warning: Fortran 2018 deleted feature: DO termination statement which is not END DO or CONTINUE with label 396 at (1)
Warning: Fortran 2018 deleted feature: DO termination statement which is not END DO or CONTINUE with label 506 at (1)
Warning: Fortran 2018 deleted feature: DO termination statement which is not END DO or CONTINUE with label 510 at (1)
Warning: Fortran 2018 deleted feature: DO termination statement which is not END DO or CONTINUE with label 514 at (1)
Warning: Fortran 2018 deleted feature: DO termination statement which is not END DO or CONTINUE with label 520 at (1)
Warning: Fortran 2018 deleted feature: DO termination statement which is not END DO or CONTINUE with label 534 at (1)
Warning: Fortran 2018 deleted feature: DO termination statement which is not END DO or CONTINUE with label 540 at (1)
Warning: Fortran 2018 deleted feature: DO termination statement which is not END DO or CONTINUE with label 610 at (1)
Warning: Fortran 2018 deleted feature: DO termination statement which is not END DO or CONTINUE with label 650 at (1)
Warning: Fortran 2018 deleted feature: DO termination statement which is not END DO or CONTINUE with label 660 at (1)
Warning: Fortran 2018 deleted feature: DO termination statement which is not END DO or CONTINUE with label 670 at (1)
Warning: Fortran 2018 deleted feature: DO termination statement which is not END DO or CONTINUE with label 70 at (1)
Warning: Fortran 2018 deleted feature: DO termination statement which is not END DO or CONTINUE with label 95 at (1)
Warning: Fortran 2018 deleted feature: DO termination statement which is not END DO or CONTINUE with label 130 at (1)
Warning: Fortran 2018 deleted feature: DO termination statement which is not END DO or CONTINUE with label 10 at (1)
See ‘/data/gannet/ripley/R/packages/tests-devel/quantreg.Rcheck/00install.out’ for details.
* used C compiler: ‘gcc-14 (GCC) 14.1.0’
* used Fortran compiler: ‘GNU Fortran (GCC) 14.1.0’
Flavor: r-devel-linux-x86_64-fedora-gcc
Version: 5.97
Check: whether package can be installed
Result: WARN
Found the following significant warnings:
Warning: Fortran 2018 deleted feature: Arithmetic IF statement at (1)
Warning: Fortran 2018 deleted feature: Shared DO termination label 5 at (1)
Warning: Fortran 2018 deleted feature: DO termination statement which is not END DO or CONTINUE with label 5 at (1)
Warning: Fortran 2018 deleted feature: DO termination statement which is not END DO or CONTINUE with label 25 at (1)
Warning: Fortran 2018 deleted feature: DO termination statement which is not END DO or CONTINUE with label 50 at (1)
Warning: Fortran 2018 deleted feature: DO termination statement which is not END DO or CONTINUE with label 60 at (1)
Warning: Fortran 2018 deleted feature: DO termination statement which is not END DO or CONTINUE with label 80 at (1)
Warning: Fortran 2018 deleted feature: DO termination statement which is not END DO or CONTINUE with label 90 at (1)
Warning: Fortran 2018 deleted feature: DO termination statement which is not END DO or CONTINUE with label 210 at (1)
Warning: Fortran 2018 deleted feature: DO termination statement which is not END DO or CONTINUE with label 240 at (1)
Warning: Fortran 2018 deleted feature: DO termination statement which is not END DO or CONTINUE with label 250 at (1)
Warning: Fortran 2018 deleted feature: DO termination statement which is not END DO or CONTINUE with label 260 at (1)
Warning: Fortran 2018 deleted feature: DO termination statement which is not END DO or CONTINUE with label 270 at (1)
Warning: Fortran 2018 deleted feature: Shared DO termination label 310 at (1)
Warning: Fortran 2018 deleted feature: DO termination statement which is not END DO or CONTINUE with label 310 at (1)
Warning: Fortran 2018 deleted feature: DO termination statement which is not END DO or CONTINUE with label 330 at (1)
Warning: Fortran 2018 deleted feature: DO termination statement which is not END DO or CONTINUE with label 340 at (1)
Warning: Fortran 2018 deleted feature: DO termination statement which is not END DO or CONTINUE with label 350 at (1)
Warning: Fortran 2018 deleted feature: DO termination statement which is not END DO or CONTINUE with label 360 at (1)
Warning: Fortran 2018 deleted feature: DO termination statement which is not END DO or CONTINUE with label 370 at (1)
Warning: Fortran 2018 deleted feature: DO termination statement which is not END DO or CONTINUE with label 396 at (1)
Warning: Fortran 2018 deleted feature: DO termination statement which is not END DO or CONTINUE with label 506 at (1)
Warning: Fortran 2018 deleted feature: DO termination statement which is not END DO or CONTINUE with label 510 at (1)
Warning: Fortran 2018 deleted feature: DO termination statement which is not END DO or CONTINUE with label 514 at (1)
Warning: Fortran 2018 deleted feature: DO termination statement which is not END DO or CONTINUE with label 520 at (1)
Warning: Fortran 2018 deleted feature: DO termination statement which is not END DO or CONTINUE with label 534 at (1)
Warning: Fortran 2018 deleted feature: DO termination statement which is not END DO or CONTINUE with label 540 at (1)
Warning: Fortran 2018 deleted feature: DO termination statement which is not END DO or CONTINUE with label 610 at (1)
Warning: Fortran 2018 deleted feature: DO termination statement which is not END DO or CONTINUE with label 650 at (1)
Warning: Fortran 2018 deleted feature: DO termination statement which is not END DO or CONTINUE with label 660 at (1)
Warning: Fortran 2018 deleted feature: DO termination statement which is not END DO or CONTINUE with label 670 at (1)
Warning: Fortran 2018 deleted feature: DO termination statement which is not END DO or CONTINUE with label 70 at (1)
Warning: Fortran 2018 deleted feature: DO termination statement which is not END DO or CONTINUE with label 95 at (1)
Warning: Fortran 2018 deleted feature: DO termination statement which is not END DO or CONTINUE with label 130 at (1)
Warning: Fortran 2018 deleted feature: DO termination statement which is not END DO or CONTINUE with label 10 at (1)
See 'd:/Rcompile/CRANpkg/local/4.5/quantreg.Rcheck/00install.out' for details.
* used C compiler: 'gcc.exe (GCC) 13.2.0'
* used Fortran compiler: 'GNU Fortran (GCC) 13.2.0'
Flavor: r-devel-windows-x86_64
Version: 5.97
Check: whether package can be installed
Result: WARN
Found the following significant warnings:
Warning: Fortran 2018 deleted feature: Arithmetic IF statement at (1)
Warning: Fortran 2018 deleted feature: Shared DO termination label 5 at (1)
Warning: Fortran 2018 deleted feature: DO termination statement which is not END DO or CONTINUE with label 5 at (1)
Warning: Fortran 2018 deleted feature: DO termination statement which is not END DO or CONTINUE with label 25 at (1)
Warning: Fortran 2018 deleted feature: DO termination statement which is not END DO or CONTINUE with label 50 at (1)
Warning: Fortran 2018 deleted feature: DO termination statement which is not END DO or CONTINUE with label 60 at (1)
Warning: Fortran 2018 deleted feature: DO termination statement which is not END DO or CONTINUE with label 80 at (1)
Warning: Fortran 2018 deleted feature: DO termination statement which is not END DO or CONTINUE with label 90 at (1)
Warning: Fortran 2018 deleted feature: DO termination statement which is not END DO or CONTINUE with label 210 at (1)
Warning: Fortran 2018 deleted feature: DO termination statement which is not END DO or CONTINUE with label 240 at (1)
Warning: Fortran 2018 deleted feature: DO termination statement which is not END DO or CONTINUE with label 250 at (1)
Warning: Fortran 2018 deleted feature: DO termination statement which is not END DO or CONTINUE with label 260 at (1)
Warning: Fortran 2018 deleted feature: DO termination statement which is not END DO or CONTINUE with label 270 at (1)
Warning: Fortran 2018 deleted feature: Shared DO termination label 310 at (1)
Warning: Fortran 2018 deleted feature: DO termination statement which is not END DO or CONTINUE with label 310 at (1)
Warning: Fortran 2018 deleted feature: DO termination statement which is not END DO or CONTINUE with label 330 at (1)
Warning: Fortran 2018 deleted feature: DO termination statement which is not END DO or CONTINUE with label 340 at (1)
Warning: Fortran 2018 deleted feature: DO termination statement which is not END DO or CONTINUE with label 350 at (1)
Warning: Fortran 2018 deleted feature: DO termination statement which is not END DO or CONTINUE with label 360 at (1)
Warning: Fortran 2018 deleted feature: DO termination statement which is not END DO or CONTINUE with label 370 at (1)
Warning: Fortran 2018 deleted feature: DO termination statement which is not END DO or CONTINUE with label 396 at (1)
Warning: Fortran 2018 deleted feature: DO termination statement which is not END DO or CONTINUE with label 506 at (1)
Warning: Fortran 2018 deleted feature: DO termination statement which is not END DO or CONTINUE with label 510 at (1)
Warning: Fortran 2018 deleted feature: DO termination statement which is not END DO or CONTINUE with label 514 at (1)
Warning: Fortran 2018 deleted feature: DO termination statement which is not END DO or CONTINUE with label 520 at (1)
Warning: Fortran 2018 deleted feature: DO termination statement which is not END DO or CONTINUE with label 534 at (1)
Warning: Fortran 2018 deleted feature: DO termination statement which is not END DO or CONTINUE with label 540 at (1)
Warning: Fortran 2018 deleted feature: DO termination statement which is not END DO or CONTINUE with label 610 at (1)
Warning: Fortran 2018 deleted feature: DO termination statement which is not END DO or CONTINUE with label 650 at (1)
Warning: Fortran 2018 deleted feature: DO termination statement which is not END DO or CONTINUE with label 660 at (1)
Warning: Fortran 2018 deleted feature: DO termination statement which is not END DO or CONTINUE with label 670 at (1)
Warning: Fortran 2018 deleted feature: DO termination statement which is not END DO or CONTINUE with label 70 at (1)
Warning: Fortran 2018 deleted feature: DO termination statement which is not END DO or CONTINUE with label 95 at (1)
Warning: Fortran 2018 deleted feature: DO termination statement which is not END DO or CONTINUE with label 130 at (1)
Warning: Fortran 2018 deleted feature: DO termination statement which is not END DO or CONTINUE with label 10 at (1)
See ‘/home/hornik/tmp/R.check/r-patched-gcc/Work/PKGS/quantreg.Rcheck/00install.out’ for details.
* used C compiler: ‘gcc-13 (Debian 13.2.0-24) 13.2.0’
* used Fortran compiler: ‘GNU Fortran (Debian 13.2.0-24) 13.2.0’
Flavor: r-patched-linux-x86_64