Last updated on 2024-06-19 01:48:29 CEST.
Flavor | Version | Tinstall | Tcheck | Ttotal | Status | Flags |
---|---|---|---|---|---|---|
r-devel-linux-x86_64-debian-clang | 1.9.2 | 3.03 | 27.97 | 31.00 | OK | |
r-devel-linux-x86_64-debian-gcc | 1.9.2 | 1.92 | 21.33 | 23.25 | OK | |
r-devel-linux-x86_64-fedora-clang | 1.9.2 | 38.76 | NOTE | |||
r-devel-linux-x86_64-fedora-gcc | 1.9.2 | 37.04 | OK | |||
r-devel-windows-x86_64 | 1.9.2 | 3.00 | 44.00 | 47.00 | OK | |
r-patched-linux-x86_64 | 1.9.2 | 3.29 | 27.31 | 30.60 | OK | |
r-release-linux-x86_64 | 1.9.2 | 2.93 | 27.44 | 30.37 | OK | |
r-release-macos-arm64 | 1.9.2 | 16.00 | OK | |||
r-release-macos-x86_64 | 1.9.2 | 24.00 | OK | |||
r-release-windows-x86_64 | 1.9.2 | 3.00 | 46.00 | 49.00 | OK | |
r-oldrel-macos-arm64 | 1.9.2 | 21.00 | OK | |||
r-oldrel-macos-x86_64 | 1.9.2 | 39.00 | OK | |||
r-oldrel-windows-x86_64 | 1.9.2 | 5.00 | 48.00 | 53.00 | OK |
Version: 1.9.2
Check: Rd cross-references
Result: NOTE
Undeclared packages ‘readMzXmlData’, ‘MALDIquantForeign’ in Rd xrefs
Flavor: r-devel-linux-x86_64-fedora-clang