Last updated on 2024-06-27 01:55:31 CEST.
Flavor | Version | Tinstall | Tcheck | Ttotal | Status | Flags |
---|---|---|---|---|---|---|
r-devel-linux-x86_64-debian-clang | 1.0.5-3 | OK | ||||
r-devel-linux-x86_64-debian-gcc | 1.0.5-3 | 6.41 | 120.04 | 126.45 | OK | |
r-devel-linux-x86_64-fedora-clang | 1.0.5-3 | 209.36 | NOTE | |||
r-devel-linux-x86_64-fedora-gcc | 1.0.5-3 | 222.30 | OK | |||
r-devel-windows-x86_64 | 1.0.5-3 | 8.00 | 108.00 | 116.00 | NOTE | |
r-patched-linux-x86_64 | 1.0.5-3 | 9.58 | 156.59 | 166.17 | OK | |
r-release-linux-x86_64 | 1.0.5-3 | 6.74 | 155.51 | 162.25 | OK | |
r-release-macos-arm64 | 1.0.5-3 | 75.00 | NOTE | |||
r-release-macos-x86_64 | 1.0.5-3 | 99.00 | NOTE | |||
r-release-windows-x86_64 | 1.0.5-3 | 9.00 | 110.00 | 119.00 | NOTE | |
r-oldrel-macos-arm64 | 1.0.5-3 | 78.00 | NOTE | |||
r-oldrel-macos-x86_64 | 1.0.5-3 | 133.00 | NOTE | |||
r-oldrel-windows-x86_64 | 1.0.5-3 | 11.00 | 124.00 | 135.00 | NOTE |
Version: 1.0.5-3
Check: installed package size
Result: NOTE
installed size is 13.6Mb
sub-directories of 1Mb or more:
java 12.7Mb
Flavors: r-devel-linux-x86_64-fedora-clang, r-devel-windows-x86_64, r-release-macos-arm64, r-release-macos-x86_64, r-release-windows-x86_64, r-oldrel-macos-arm64, r-oldrel-macos-x86_64, r-oldrel-windows-x86_64