Last updated on 2024-06-14 01:51:53 CEST.
Flavor | Version | Tinstall | Tcheck | Ttotal | Status | Flags |
---|---|---|---|---|---|---|
r-devel-linux-x86_64-debian-clang | 0.0.1 | 3.42 | 27.44 | 30.86 | OK | |
r-devel-linux-x86_64-debian-gcc | 0.0.1 | 0.38 | 1.79 | 2.17 | ERROR | |
r-devel-linux-x86_64-fedora-clang | 0.0.1 | 38.66 | OK | |||
r-devel-linux-x86_64-fedora-gcc | 0.0.1 | 37.15 | OK | |||
r-devel-windows-x86_64 | 0.0.1 | 4.00 | 44.00 | 48.00 | OK | |
r-patched-linux-x86_64 | 0.0.1 | 3.34 | 26.54 | 29.88 | OK | |
r-release-linux-x86_64 | 0.0.1 | 3.09 | 25.78 | 28.87 | OK | |
r-release-macos-arm64 | 0.0.1 | 17.00 | OK | |||
r-release-macos-x86_64 | 0.0.1 | 23.00 | OK | |||
r-release-windows-x86_64 | 0.0.1 | 5.00 | 44.00 | 49.00 | OK | |
r-oldrel-macos-arm64 | 0.0.1 | 22.00 | OK | |||
r-oldrel-macos-x86_64 | 0.0.1 | 37.00 | OK | |||
r-oldrel-windows-x86_64 | 0.0.1 | 6.00 | 47.00 | 53.00 | OK |
Version: 0.0.1
Check: package dependencies
Result: ERROR
Packages required but not available:
'datamods', 'DescTools', 'exact2x2', 'rstatix'
See section ‘The DESCRIPTION file’ in the ‘Writing R Extensions’
manual.
Flavor: r-devel-linux-x86_64-debian-gcc